et y be 418/5 + 3/(-5). Suppose y*p = 82*p + 280. What is the tens digit of p?
8
Let x = 91 + 1245. What is the tens digit of x?
3
Let g(h) = -16*h + 247. What is the tens digit of g(-42)?
1
Let r(z) = z**3 + 28*z**2 - 34*z - 23. What is the hundreds digit of r(-29)?
1
Suppose 0 = -u - 2*b + 790 + 495, 2*b = -4*u + 5158. What is the thousands digit of u?
1
Let l = -1488 + 1497. Let v = -1 - -5. What is the units digit of ((-48)/l + v)*-18?
4
Let b = -102 - -100. What is the units digit of ((-97)/b)/(15/30)?
7
Let k = -1499 + 2767. What is the hundreds digit of k?
2
Suppose 3*f + 3 = 0, 4*c - 4*f - 25 = f. Suppose -5*b = -2*t - 586, 108 = 3*b - 2*b - c*t. What is the units digit of b?
8
Let t(f) = 3*f**2 - 20*f - 1. Let m = 15 + -5. What is the units digit of t(m)?
9
Suppose 0 = -2*f - 2*f + 5*u - 17, 0 = 5*f - 2*u. Suppose -f*p = -16 - 66. What is the units digit of p?
1
Suppose 12*w - 2170 = -2*w. Suppose 0*o + 270 = 4*p - 2*o, -3*o + w = 2*p. What is the units digit of p?
0
Let v(y) = -8*y**2 + y**2 + 3*y + y**3 - 9*y**2 - 3*y**2 - 3. What is the units digit of v(19)?
4
Suppose -5*z + o + 16 = -o, o = z - 2. Let c(a) = 5*a + 4. What is the units digit of c(z)?
4
Let j(y) = 43*y - 140. What is the hundreds digit of j(16)?
5
Let d(n) be the first derivative of -n**2/2 + 2*n - 5. Let a be d(-3). Suppose -a*w = -50 - 25. What is the units digit of w?
5
Let y(r) = -r**3 + 36*r**2 + 28*r + 122. What is the hundreds digit of y(35)?
3
Let p be (-1 + -3 + 5)*7. What is the units digit of p + -5 + (-4)/(-8)*4?
4
Let f(c) = 6 + 8*c + 0 - 1. Let r be -3 + (-1)/2*-14. What is the units digit of f(r)?
7
Let h(b) = -b**3 - 5*b**2 - b - 3. Let f be h(-9). Suppose 9*t = f + 228. What is the units digit of t?
2
Suppose 49*v - 20*v = 24592. What is the units digit of v?
8
Let g = -357 - -1955. What is the hundreds digit of g?
5
Suppose 5 - 3 = -2*m. Let q be 6*m/((-6)/4). What is the units digit of 6/q*(-368)/(-24)?
3
Let t = -2647 - -6452. What is the units digit of t?
5
Let z be (-1 + -2)/((-3)/2). Suppose 6 = -5*x + f + z*f, -4*x = 2*f - 4. Suppose -5*n + 2*w + 132 = x, 5*w + 24 = n + 4*w. What is the tens digit of n?
2
Let o be (1 + -4 - 0)*3. Let d = 3 + o. What is the units digit of 1*-81*2/d?
7
Let g(z) = -7*z**3 - 3*z**2 + 6*z + 37. What is the hundreds digit of g(-5)?
8
Suppose -48*b = -52*b + x + 10327, 0 = -3*x + 3. What is the tens digit of b?
8
Suppose -n = -2*n + 5. Suppose n*w + 43 = -67. Let y = w - -45. What is the tens digit of y?
2
Let h(p) = -p - 7. Let f be h(-11). Suppose 0*g = f*g. Suppose -3*z = -3*a + 30, g*a - 3*z = -a + 20. What is the units digit of a?
5
Let i = -271 - -115. Let y = -65 - i. What is the units digit of y?
1
Let i be (8/(-12))/((-6)/27). Suppose z = -5*o + 1, -i*o = o. Suppose z = 2*v - v. What is the units digit of v?
1
Let u be (0*(-4)/12)/(-3). Suppose -8*h + 2*h + 132 = u. What is the units digit of h?
2
Suppose -10 = -12*m + 62. What is the units digit of (-55)/(-2) - (m + 44/(-8))?
7
Let b(u) = 66*u**3 - u**2 + u - 1. Let t be b(1). Let h = t + 23. What is the units digit of h?
8
What is the units digit of ((-957)/(-6) + -3)/(1/6)?
9
What is the tens digit of 12 + (2299 + -5 - -12)?
1
Suppose 42*b - 40*b - 2*i - 1130 = 0, b - 3*i - 567 = 0. What is the hundreds digit of b?
5
Let w = 2356 - 1459. What is the units digit of w?
7
Suppose 0 = 2*f, -2*g + 6624 = -14*f + 16*f. What is the thousands digit of g?
3
Let v(o) = 33*o - 5. Let j be v(4). Let k = j - 44. What is the tens digit of k?
8
Suppose -4*g - 2*p = -8*g + 3786, -4*g = -4*p - 3796. What is the tens digit of g?
4
Let n(c) = 1041*c**3 - c. Let q be n(1). Suppose 4*f - q = -4*f. What is the tens digit of f?
3
Let p be ((-20)/15)/((-6)/63). Suppose -u - 3*m + 6 = -p, 4*m = 2*u. Suppose -u*o + 3*o = -235. What is the tens digit of o?
4
Suppose -401 = 29*m - 3533. Suppose 6*t - 2*t = 16. Suppose -z = -t*z + m. What is the units digit of z?
6
Let v(n) = 37*n + 168. What is the hundreds digit of v(21)?
9
Let i(k) = 19 + 15 - 50 + 9 - 2*k + 50*k**2 + 10. Let d be (-2 + 0)/6*-3. What is the units digit of i(d)?
1
Let v(p) = 16*p - 12. Let k be v(10). Let c = -88 + k. What is the tens digit of c?
6
Let c(x) = 3*x**2 - 1. Suppose 15 = -5*q + 75. Let v be 2/(-4)*q/(-3). What is the units digit of c(v)?
1
Suppose 2*q + 0*q - 156 = 0. Suppose -2*d + 8 = -4*h, -d + 3 = 2*h - 3*h. What is the units digit of q/3 + h*1?
5
Let i be (-234)/(-27) + (-2)/(-6). Suppose i = -3*m, 3*m = -5*b - 2 + 283. What is the units digit of b?
8
Let w(g) = g**2 + g - 1. Let s(c) = -c**3 - 6*c + 0 + 2 - 2*c. Let d(k) = -s(k) - 6*w(k). What is the tens digit of d(6)?
1
Suppose 4 = -2*i + 2, 5*y - 3*i = 23. Suppose -3*q - 4*t = 84, -y*t + 56 = -3*q + q. Let l = 33 - q. What is the tens digit of l?
6
Suppose 17 = 3*t - p - 23, -3*t - 5*p + 16 = 0. Suppose -8*b = -t*b + 12. What is the units digit of b?
3
Suppose 4*m - 8 = 2*v, -3*v + 0*m = m - 16. Let z(a) = 11*a - 274. Let g be z(34). What is the tens digit of 9/12*(g + v)?
7
Let t be 19/1 + 40/24*-3. Suppose -2*j - 2*j + 3*s + 115 = 0, 2*j = -4*s + 74. Let q = j - t. What is the units digit of q?
7
Suppose 2*k - 3*k + 504 = p, 5*p - 1020 = -2*k. Suppose 2*i = -7*x + 9*x - 496, -k = -2*x - 2*i. What is the hundreds digit of x?
2
Let r = 3 + -6. Suppose 4*c = -3*c + 511. Let o = c + r. What is the tens digit of o?
7
Let q(r) = 1. Let c(y) = 2*y - 16. Let x be 0 + -4*(-3)/12. Let t(f) = x*c(f) + 5*q(f). What is the tens digit of t(12)?
1
Let u(i) = 3*i + 2. Let p be u(0). What is the tens digit of ((-46)/(-5))/(p - (-57)/(-30))?
9
Let u(o) = 13*o**2 - 6*o + 1. What is the units digit of u(-5)?
6
Let n = 8 + -2. What is the tens digit of 2 + n*(-3 - -13)?
6
Let p be (24 + -21)*(-134)/(-6). Suppose p = r + 9. What is the units digit of r?
8
Let i(z) = 4*z**3 + 5*z**2 - 8*z - 9. What is the tens digit of i(4)?
9
Let o = -30 + 40. Let g = 41 - o. What is the tens digit of g?
3
Let v(j) be the first derivative of -29*j**2/2 + 24*j + 10. What is the tens digit of v(-4)?
4
Suppose 0 = 2*s + 2*s. Let x(i) = 13 + i + 1 - 72*i**2 + 37*i**2 + 34*i**2. What is the units digit of x(s)?
4
Suppose 0 = 2*m - 3*n - 2*n - 1005, 5*m - 2565 = 2*n. What is the hundreds digit of m?
5
Suppose -9*q + 11*q = 10. Suppose q*p - 37 + 12 = 0. Suppose -5*n + 195 = b, p*n - 5*b - 135 - 30 = 0. What is the tens digit of n?
3
Suppose -4*p = -3*q - 3672, -5*q = 2*p - 1716 - 146. What is the units digit of p?
1
Let p be -1 + 5 + (-2 - 0). Suppose -3*n + p*x = n - 186, -x - 5 = 0. What is the tens digit of n?
4
Let l(o) = -o**2 + 2*o + 10. Let n(f) = 1. Let y(d) = l(d) + 4*n(d). Let k be y(7). What is the units digit of (-1245)/(-21) + 6/k?
9
What is the tens digit of 12/(-9) - ((-61190)/15 + -6)?
8
Let r(v) be the second derivative of v**4/12 + 2*v**3/3 + 7*v**2/2 - 6*v. Let k be r(-5). What is the units digit of -6*(3 + (-40)/k)?
2
Let d(m) = 47*m - 1. Let f be d(11). Suppose 2*k + 4 = k, k - f = -5*l. What is the units digit of l?
4
Let r be (2/(8/154))/((-5)/(-10)). Let j(i) = -i**3 + 4*i**2 - i - 4. Let b be j(3). Suppose -b*g + 5*c = -32, 4*g - r = -4*c - 13. What is the tens digit of g?
1
Suppose -3 = 6*z + 21. What is the units digit of (4 + -1)*(-248)/z?
6
Let y(c) = c**3 + 6*c**2 - 7*c - 22. What is the tens digit of y(-6)?
2
Let j = 139 + -84. Suppose -j = 4*w - 867. What is the units digit of w?
3
Suppose -9 = -4*s + 5*x, -2*s = 5*x - 9 + 42. Let k be 1/(s - (-63)/15). Suppose k*v - 305 = -5*u, -u + 250 = -2*v + 6*v. What is the tens digit of v?
6
Let l(t) = t**3 + 10*t**2 + 7*t - 6. Let k(c) = -c**2 + c. Let h be k(3). What is the tens digit of l(h)?
9
Let q(r) = -r**3 + 2*r**2 - 6*r + 18. Let w be q(-8). Suppose -g + w = 4*t - 4*g, -g + 348 = 2*t. What is the tens digit of t?
7
Let y = 19 - 15. Suppose o = w - 17, 5*w + y*o - 40 - 9 = 0. Suppose -z + 3*n - 1 = -w, n + 20 = z. What is the units digit of z?
4
Suppose -3*y + 337 = -1001. What is the units digit of y?
6
Let o(x) = -x**3 - 11*x**2 - 13*x + 2. Let n be o(-6). What is the hundreds digit of ((-142)/5)/(5/n*4)?
1
Let f = -901 - -1212. What is the hundreds digit of f?
3
Let w = -57 - -57. Suppose 0 = -y + 3*m + 7, -5*y - 5*m + 5 + 70 = w. What is the units digit of y?
3
Let c(o) be the third derivative of